{"id":143459,"date":"2017-05-11T20:03:06","date_gmt":"2017-05-11T19:03:06","guid":{"rendered":"http:\/\/leipziger-blechbude.de\/content\/?page_id=143459"},"modified":"2024-03-04T17:01:27","modified_gmt":"2024-03-04T16:01:27","slug":"raeumlichkeiten","status":"publish","type":"page","link":"https:\/\/leipziger-blechbude.de\/content\/die-blechbude\/raeumlichkeiten\/","title":{"rendered":"R\u00e4umlichkeiten"},"content":{"rendered":"<h2 class=\"centered\"><span>Lounge<\/span><\/h2>\n<div class=\"two-columns-one\">\n<div id=\"metaslider-id-143741\" style=\"max-width: 540px; margin: 0 auto;\" class=\"ml-slider-3-107-0 metaslider metaslider-nivo metaslider-143741 ml-slider has-dots-nav ms-theme-default\" role=\"region\" aria-label=\"Lounge\" data-height=\"360\" data-width=\"540\">\n    <div id=\"metaslider_container_143741\">\n        <div class='slider-wrapper theme-default'><div class='ribbon'><\/div><div id='metaslider_143741' class='nivoSlider'><img loading=\"lazy\" decoding=\"async\" width=\"540\" height=\"360\" src=\"https:\/\/leipziger-blechbude.de\/content\/wp-content\/uploads\/2017\/05\/rm_lounge_1.jpg\" class=\"slider-143741 slide-144454 msDefaultImage\" alt=\"\" data-caption=\"\" data-thumb=\"\" title=\"\" rel=\"\" srcset=\"https:\/\/leipziger-blechbude.de\/content\/wp-content\/uploads\/2017\/05\/rm_lounge_1.jpg 540w, https:\/\/leipziger-blechbude.de\/content\/wp-content\/uploads\/2017\/05\/rm_lounge_1-300x200.jpg 300w\" sizes=\"auto, (max-width: 540px) 100vw, 540px\" \/><img loading=\"lazy\" decoding=\"async\" width=\"540\" height=\"360\" src=\"https:\/\/leipziger-blechbude.de\/content\/wp-content\/uploads\/2017\/05\/rm_lounge_2.jpg\" class=\"slider-143741 slide-144455 msDefaultImage\" alt=\"\" data-caption=\"\" data-thumb=\"\" title=\"\" rel=\"\" srcset=\"https:\/\/leipziger-blechbude.de\/content\/wp-content\/uploads\/2017\/05\/rm_lounge_2.jpg 540w, https:\/\/leipziger-blechbude.de\/content\/wp-content\/uploads\/2017\/05\/rm_lounge_2-300x200.jpg 300w\" sizes=\"auto, (max-width: 540px) 100vw, 540px\" \/><img loading=\"lazy\" decoding=\"async\" width=\"539\" height=\"359\" src=\"https:\/\/leipziger-blechbude.de\/content\/wp-content\/uploads\/2017\/05\/rm_lounge_3.jpg\" class=\"slider-143741 slide-144456 msDefaultImage\" alt=\"\" data-caption=\"\" data-thumb=\"\" title=\"\" rel=\"\" srcset=\"https:\/\/leipziger-blechbude.de\/content\/wp-content\/uploads\/2017\/05\/rm_lounge_3.jpg 539w, https:\/\/leipziger-blechbude.de\/content\/wp-content\/uploads\/2017\/05\/rm_lounge_3-300x200.jpg 300w\" sizes=\"auto, (max-width: 539px) 100vw, 539px\" \/><img loading=\"lazy\" decoding=\"async\" width=\"540\" height=\"360\" src=\"https:\/\/leipziger-blechbude.de\/content\/wp-content\/uploads\/2017\/05\/rm_lounge_4.jpg\" class=\"slider-143741 slide-144457 msDefaultImage\" alt=\"\" data-caption=\"\" data-thumb=\"\" title=\"\" rel=\"\" srcset=\"https:\/\/leipziger-blechbude.de\/content\/wp-content\/uploads\/2017\/05\/rm_lounge_4.jpg 540w, https:\/\/leipziger-blechbude.de\/content\/wp-content\/uploads\/2017\/05\/rm_lounge_4-300x200.jpg 300w\" sizes=\"auto, (max-width: 540px) 100vw, 540px\" \/><img loading=\"lazy\" decoding=\"async\" width=\"540\" height=\"360\" src=\"https:\/\/leipziger-blechbude.de\/content\/wp-content\/uploads\/2017\/05\/rm_lounge_5.jpg\" class=\"slider-143741 slide-144458 msDefaultImage\" alt=\"\" data-caption=\"\" data-thumb=\"\" title=\"\" rel=\"\" srcset=\"https:\/\/leipziger-blechbude.de\/content\/wp-content\/uploads\/2017\/05\/rm_lounge_5.jpg 540w, https:\/\/leipziger-blechbude.de\/content\/wp-content\/uploads\/2017\/05\/rm_lounge_5-300x200.jpg 300w\" sizes=\"auto, (max-width: 540px) 100vw, 540px\" \/><img loading=\"lazy\" decoding=\"async\" width=\"540\" height=\"360\" src=\"https:\/\/leipziger-blechbude.de\/content\/wp-content\/uploads\/2017\/05\/rm_lounge_6.jpg\" class=\"slider-143741 slide-144459 msDefaultImage\" alt=\"\" data-caption=\"\" data-thumb=\"\" title=\"\" rel=\"\" srcset=\"https:\/\/leipziger-blechbude.de\/content\/wp-content\/uploads\/2017\/05\/rm_lounge_6.jpg 540w, https:\/\/leipziger-blechbude.de\/content\/wp-content\/uploads\/2017\/05\/rm_lounge_6-300x200.jpg 300w\" sizes=\"auto, (max-width: 540px) 100vw, 540px\" \/><\/div><\/div>\n        \n    <\/div>\n<\/div>\n<\/div>\n<div class=\"two-columns-one last\">\n<p>Treten Sie ein in unsere gem\u00fctliche Lounge! Zwei gem\u00fctliche Sofas, B\u00fccher, eine Espressomaschine und kleine Knabbereien laden nicht nur zum Mantel ablegen und Warten ein, sondern erm\u00f6glichen auch einen entspannten Austausch der Muttis, Papas und Kinder. <\/p>\n<\/div>\n<div class=\"divider\"><\/div>\n<h2 class=\"centered\"><span>Musikm\u00e4useraum<\/span><\/h2>\n<div class=\"two-columns-one\">\n<p>Und da \u00f6ffnet sich schon die T\u00fcr zu unserer \u201eMusikm\u00e4use-Welt\u201c! Bunte mannshohe Blumen lassen uns in die farbenfrohe Wiese der Kl\u00e4nge eintauchen. Bunte Handabdr\u00fccke beweisen besonders bei den Kleinsten, wie lange wir die gemeinsame musikalische Reise schon erleben!<\/p>\n<\/div>\n<div class=\"two-columns-one last\">\n<div id=\"metaslider-id-143745\" style=\"max-width: 540px; margin: 0 auto;\" class=\"ml-slider-3-107-0 metaslider metaslider-nivo metaslider-143745 ml-slider has-dots-nav ms-theme-default\" role=\"region\" aria-label=\"Musikgartenraum\" data-height=\"360\" data-width=\"540\">\n    <div id=\"metaslider_container_143745\">\n        <div class='slider-wrapper theme-default'><div class='ribbon'><\/div><div id='metaslider_143745' class='nivoSlider'><img loading=\"lazy\" decoding=\"async\" width=\"540\" height=\"360\" src=\"https:\/\/leipziger-blechbude.de\/content\/wp-content\/uploads\/2017\/05\/rm_musikgarten_1.jpg\" class=\"slider-143745 slide-144485 msDefaultImage\" alt=\"\" data-caption=\"\" data-thumb=\"\" title=\"\" rel=\"\" srcset=\"https:\/\/leipziger-blechbude.de\/content\/wp-content\/uploads\/2017\/05\/rm_musikgarten_1.jpg 540w, https:\/\/leipziger-blechbude.de\/content\/wp-content\/uploads\/2017\/05\/rm_musikgarten_1-300x200.jpg 300w\" sizes=\"auto, (max-width: 540px) 100vw, 540px\" \/><img loading=\"lazy\" decoding=\"async\" width=\"540\" height=\"360\" src=\"https:\/\/leipziger-blechbude.de\/content\/wp-content\/uploads\/2017\/05\/rm_musikgarten_2.jpg\" class=\"slider-143745 slide-144486 msDefaultImage\" alt=\"\" data-caption=\"\" data-thumb=\"\" title=\"\" rel=\"\" srcset=\"https:\/\/leipziger-blechbude.de\/content\/wp-content\/uploads\/2017\/05\/rm_musikgarten_2.jpg 540w, https:\/\/leipziger-blechbude.de\/content\/wp-content\/uploads\/2017\/05\/rm_musikgarten_2-300x200.jpg 300w\" sizes=\"auto, (max-width: 540px) 100vw, 540px\" \/><img loading=\"lazy\" decoding=\"async\" width=\"540\" height=\"360\" src=\"https:\/\/leipziger-blechbude.de\/content\/wp-content\/uploads\/2017\/05\/rm_musikgarten_3.jpg\" class=\"slider-143745 slide-144487 msDefaultImage\" alt=\"\" data-caption=\"\" data-thumb=\"\" title=\"\" rel=\"\" srcset=\"https:\/\/leipziger-blechbude.de\/content\/wp-content\/uploads\/2017\/05\/rm_musikgarten_3.jpg 540w, https:\/\/leipziger-blechbude.de\/content\/wp-content\/uploads\/2017\/05\/rm_musikgarten_3-300x200.jpg 300w\" sizes=\"auto, (max-width: 540px) 100vw, 540px\" \/><img loading=\"lazy\" decoding=\"async\" width=\"540\" height=\"360\" src=\"https:\/\/leipziger-blechbude.de\/content\/wp-content\/uploads\/2017\/05\/rm_musikgarten_4.jpg\" class=\"slider-143745 slide-144488 msDefaultImage\" alt=\"\" data-caption=\"\" data-thumb=\"\" title=\"\" rel=\"\" srcset=\"https:\/\/leipziger-blechbude.de\/content\/wp-content\/uploads\/2017\/05\/rm_musikgarten_4.jpg 540w, https:\/\/leipziger-blechbude.de\/content\/wp-content\/uploads\/2017\/05\/rm_musikgarten_4-300x200.jpg 300w\" sizes=\"auto, (max-width: 540px) 100vw, 540px\" \/><img loading=\"lazy\" decoding=\"async\" width=\"540\" height=\"360\" src=\"https:\/\/leipziger-blechbude.de\/content\/wp-content\/uploads\/2017\/05\/rm_musikgarten_5.jpg\" class=\"slider-143745 slide-144489 msDefaultImage\" alt=\"\" data-caption=\"\" data-thumb=\"\" title=\"\" rel=\"\" srcset=\"https:\/\/leipziger-blechbude.de\/content\/wp-content\/uploads\/2017\/05\/rm_musikgarten_5.jpg 540w, https:\/\/leipziger-blechbude.de\/content\/wp-content\/uploads\/2017\/05\/rm_musikgarten_5-300x200.jpg 300w\" sizes=\"auto, (max-width: 540px) 100vw, 540px\" \/><img loading=\"lazy\" decoding=\"async\" width=\"540\" height=\"360\" src=\"https:\/\/leipziger-blechbude.de\/content\/wp-content\/uploads\/2017\/05\/rm_musikgarten_6.jpg\" class=\"slider-143745 slide-144490 msDefaultImage\" alt=\"\" data-caption=\"\" data-thumb=\"\" title=\"\" rel=\"\" srcset=\"https:\/\/leipziger-blechbude.de\/content\/wp-content\/uploads\/2017\/05\/rm_musikgarten_6.jpg 540w, https:\/\/leipziger-blechbude.de\/content\/wp-content\/uploads\/2017\/05\/rm_musikgarten_6-300x200.jpg 300w\" sizes=\"auto, (max-width: 540px) 100vw, 540px\" \/><\/div><\/div>\n        \n    <\/div>\n<\/div>\n<\/div>\n<div class=\"divider\"><\/div>\n<h2 class=\"centered\"><span>Unterrichtsraum<\/span><\/h2>\n<div class=\"two-columns-one\">\n<div id=\"metaslider-id-143748\" style=\"max-width: 540px; margin: 0 auto;\" class=\"ml-slider-3-107-0 metaslider metaslider-nivo metaslider-143748 ml-slider has-dots-nav ms-theme-default\" role=\"region\" aria-label=\"Unterrichtsraum\" data-height=\"360\" data-width=\"540\">\n    <div id=\"metaslider_container_143748\">\n        <div class='slider-wrapper theme-default'><div class='ribbon'><\/div><div id='metaslider_143748' class='nivoSlider'><img loading=\"lazy\" decoding=\"async\" width=\"540\" height=\"360\" src=\"https:\/\/leipziger-blechbude.de\/content\/wp-content\/uploads\/2017\/05\/rm_instr_1.jpg\" class=\"slider-143748 slide-144582 msDefaultImage\" alt=\"\" data-caption=\"\" data-thumb=\"\" title=\"\" rel=\"\" srcset=\"https:\/\/leipziger-blechbude.de\/content\/wp-content\/uploads\/2017\/05\/rm_instr_1.jpg 540w, https:\/\/leipziger-blechbude.de\/content\/wp-content\/uploads\/2017\/05\/rm_instr_1-300x200.jpg 300w\" sizes=\"auto, (max-width: 540px) 100vw, 540px\" \/><img loading=\"lazy\" decoding=\"async\" width=\"540\" height=\"360\" src=\"https:\/\/leipziger-blechbude.de\/content\/wp-content\/uploads\/2017\/05\/rm_instr_2.jpg\" class=\"slider-143748 slide-144583 msDefaultImage\" alt=\"\" data-caption=\"\" data-thumb=\"\" title=\"\" rel=\"\" srcset=\"https:\/\/leipziger-blechbude.de\/content\/wp-content\/uploads\/2017\/05\/rm_instr_2.jpg 540w, https:\/\/leipziger-blechbude.de\/content\/wp-content\/uploads\/2017\/05\/rm_instr_2-300x200.jpg 300w\" sizes=\"auto, (max-width: 540px) 100vw, 540px\" \/><img loading=\"lazy\" decoding=\"async\" width=\"540\" height=\"360\" src=\"https:\/\/leipziger-blechbude.de\/content\/wp-content\/uploads\/2017\/05\/rm_instr_3.jpg\" class=\"slider-143748 slide-144584 msDefaultImage\" alt=\"\" data-caption=\"\" data-thumb=\"\" title=\"\" rel=\"\" srcset=\"https:\/\/leipziger-blechbude.de\/content\/wp-content\/uploads\/2017\/05\/rm_instr_3.jpg 540w, https:\/\/leipziger-blechbude.de\/content\/wp-content\/uploads\/2017\/05\/rm_instr_3-300x200.jpg 300w\" sizes=\"auto, (max-width: 540px) 100vw, 540px\" \/><img loading=\"lazy\" decoding=\"async\" width=\"540\" height=\"360\" src=\"https:\/\/leipziger-blechbude.de\/content\/wp-content\/uploads\/2017\/05\/rm_instr_4.jpg\" class=\"slider-143748 slide-144585 msDefaultImage\" alt=\"\" data-caption=\"\" data-thumb=\"\" title=\"\" rel=\"\" srcset=\"https:\/\/leipziger-blechbude.de\/content\/wp-content\/uploads\/2017\/05\/rm_instr_4.jpg 540w, https:\/\/leipziger-blechbude.de\/content\/wp-content\/uploads\/2017\/05\/rm_instr_4-300x200.jpg 300w\" sizes=\"auto, (max-width: 540px) 100vw, 540px\" \/><img loading=\"lazy\" decoding=\"async\" width=\"540\" height=\"360\" src=\"https:\/\/leipziger-blechbude.de\/content\/wp-content\/uploads\/2017\/05\/rm_instr_5.jpg\" class=\"slider-143748 slide-144586 msDefaultImage\" alt=\"\" data-caption=\"\" data-thumb=\"\" title=\"\" rel=\"\" srcset=\"https:\/\/leipziger-blechbude.de\/content\/wp-content\/uploads\/2017\/05\/rm_instr_5.jpg 540w, https:\/\/leipziger-blechbude.de\/content\/wp-content\/uploads\/2017\/05\/rm_instr_5-300x200.jpg 300w\" sizes=\"auto, (max-width: 540px) 100vw, 540px\" \/><img loading=\"lazy\" decoding=\"async\" width=\"540\" height=\"360\" src=\"https:\/\/leipziger-blechbude.de\/content\/wp-content\/uploads\/2017\/05\/rm_instr_6.jpg\" class=\"slider-143748 slide-144587 msDefaultImage\" alt=\"\" data-caption=\"\" data-thumb=\"\" title=\"\" rel=\"\" srcset=\"https:\/\/leipziger-blechbude.de\/content\/wp-content\/uploads\/2017\/05\/rm_instr_6.jpg 540w, https:\/\/leipziger-blechbude.de\/content\/wp-content\/uploads\/2017\/05\/rm_instr_6-300x200.jpg 300w\" sizes=\"auto, (max-width: 540px) 100vw, 540px\" \/><img loading=\"lazy\" decoding=\"async\" width=\"540\" height=\"360\" src=\"https:\/\/leipziger-blechbude.de\/content\/wp-content\/uploads\/2017\/05\/rm_instr_7.jpg\" class=\"slider-143748 slide-144588 msDefaultImage\" alt=\"\" data-caption=\"\" data-thumb=\"\" title=\"\" rel=\"\" srcset=\"https:\/\/leipziger-blechbude.de\/content\/wp-content\/uploads\/2017\/05\/rm_instr_7.jpg 540w, https:\/\/leipziger-blechbude.de\/content\/wp-content\/uploads\/2017\/05\/rm_instr_7-300x200.jpg 300w\" sizes=\"auto, (max-width: 540px) 100vw, 540px\" \/><img loading=\"lazy\" decoding=\"async\" width=\"540\" height=\"359\" src=\"https:\/\/leipziger-blechbude.de\/content\/wp-content\/uploads\/2017\/05\/rm_instr_8.jpg\" class=\"slider-143748 slide-144589 msDefaultImage\" alt=\"\" data-caption=\"\" data-thumb=\"\" title=\"\" rel=\"\" srcset=\"https:\/\/leipziger-blechbude.de\/content\/wp-content\/uploads\/2017\/05\/rm_instr_8.jpg 540w, https:\/\/leipziger-blechbude.de\/content\/wp-content\/uploads\/2017\/05\/rm_instr_8-300x199.jpg 300w\" sizes=\"auto, (max-width: 540px) 100vw, 540px\" \/><\/div><\/div>\n        \n    <\/div>\n<\/div>\n<\/div>\n<div class=\"two-columns-one last\">\n<p>Auch unser Unterrichtszimmer bietet eine entspannte Atmosph\u00e4re zum Lernen. In der eigens von unseren Sch\u00fclern gestaltete Bildergalerie stellt sich jedes Kind ganz pers\u00f6nlich vor. <\/p>\n<\/div>\n<div class=\"divider\"><\/div>\n","protected":false},"excerpt":{"rendered":"","protected":false},"author":1,"featured_media":0,"parent":143445,"menu_order":0,"comment_status":"closed","ping_status":"closed","template":"page-templates\/full-width.php","meta":{"jetpack_post_was_ever_published":false,"footnotes":""},"class_list":["post-143459","page","type-page","status-publish","hentry"],"jetpack_shortlink":"https:\/\/wp.me\/P2KXId-BjR","jetpack_sharing_enabled":true,"_links":{"self":[{"href":"https:\/\/leipziger-blechbude.de\/content\/wp-json\/wp\/v2\/pages\/143459","targetHints":{"allow":["GET"]}}],"collection":[{"href":"https:\/\/leipziger-blechbude.de\/content\/wp-json\/wp\/v2\/pages"}],"about":[{"href":"https:\/\/leipziger-blechbude.de\/content\/wp-json\/wp\/v2\/types\/page"}],"author":[{"embeddable":true,"href":"https:\/\/leipziger-blechbude.de\/content\/wp-json\/wp\/v2\/users\/1"}],"replies":[{"embeddable":true,"href":"https:\/\/leipziger-blechbude.de\/content\/wp-json\/wp\/v2\/comments?post=143459"}],"version-history":[{"count":4,"href":"https:\/\/leipziger-blechbude.de\/content\/wp-json\/wp\/v2\/pages\/143459\/revisions"}],"predecessor-version":[{"id":890214,"href":"https:\/\/leipziger-blechbude.de\/content\/wp-json\/wp\/v2\/pages\/143459\/revisions\/890214"}],"up":[{"embeddable":true,"href":"https:\/\/leipziger-blechbude.de\/content\/wp-json\/wp\/v2\/pages\/143445"}],"wp:attachment":[{"href":"https:\/\/leipziger-blechbude.de\/content\/wp-json\/wp\/v2\/media?parent=143459"}],"curies":[{"name":"wp","href":"https:\/\/api.w.org\/{rel}","templated":true}]}}