{"id":23,"date":"2012-09-13T20:53:31","date_gmt":"2012-09-13T18:53:31","guid":{"rendered":"http:\/\/leipziger-blechbude.de\/content\/?page_id=23"},"modified":"2024-03-04T17:06:27","modified_gmt":"2024-03-04T16:06:27","slug":"preisliste","status":"publish","type":"page","link":"https:\/\/leipziger-blechbude.de\/content\/angebote\/preisliste\/","title":{"rendered":"Preisliste"},"content":{"rendered":"<h2 class=\"centered\"><span>Instrumentalunterricht<\/span><\/h2>\n<table class=\"price_table\">\n<tbody>\n<tr>\n<td><strong>Schnupperstunde<\/strong><\/td>\n<td>GRATIS<\/td>\n<\/tr>\n<tr>\n<td>\u00bd Stunde\/Woche:<\/td>\n<td>30,00 Euro ( w\u00f6chentliche Zahlung )<\/td>\n<\/tr>\n<tr>\n<td><\/td>\n<td>80,00 Euro ( ganzj\u00e4hrige monatliche Zahlung )<\/td>\n<\/tr>\n<tr>\n<td>\u00be Stunde\/Woche:<\/td>\n<td>45,00 Euro ( w\u00f6chentliche Zahlung )<\/td>\n<\/tr>\n<tr>\n<td><\/td>\n<td>120,00 Euro ( ganzj\u00e4hrige monatliche Zahlung )<\/td>\n<\/tr>\n<tr>\n<td><\/td>\n<td><\/td>\n<\/tr>\n<\/tbody>\n<\/table>\n<div style=\"text-align: center;\"><a class=\"standard-btn yellow-btn\" href=\"https:\/\/leipziger-blechbude.de\/content\/angebote\/instrumentalkurse\/\"><span>Zum Angebot<\/span><\/a><\/div>\n<h2 class=\"centered\"><span>Instrumentalunterricht in der Gruppe<\/span><\/h2>\n<table class=\"price_table\">\n<tbody>\n<tr>\n<td>Die Unterrichtsgeb\u00fchr f\u00fcr den 2er Gruppenunterricht \u00be Stunde betr\u00e4gt monatlich 80,00 Euro je Teilnehmer.<\/td>\n<td>Die Unterrichtsgeb\u00fchr f\u00fcr den 3er Gruppenunterricht \u00be Stunde betr\u00e4gt monatlich 70,00 Euro je Teilnehmer.<\/td>\n<\/tr>\n<\/tbody>\n<\/table>\n<div style=\"text-align: center;\"><a class=\"standard-btn yellow-btn\" href=\"https:\/\/leipziger-blechbude.de\/content\/angebote\/instrumentalkurse\/\"><span>Zum Angebot<\/span><\/a><\/div>\n<h2 class=\"centered\"><span>Musikm\u00e4use mit Mama oder Papa<\/span><\/h2>\n<table class=\"price_table\">\n<tbody>\n<tr>\n<td><strong>Schnupperstunde<\/strong><\/td>\n<td>10,00 Euro<\/td>\n<\/tr>\n<tr>\n<td><strong>Einmaliges Mitbringen von Geschwisterkindern<\/strong><\/td>\n<td>8,00 Euro<\/td>\n<\/tr>\n<tr>\n<td><strong>Musikm\u00e4use<\/strong><br \/>10 Stunden:<\/td>\n<td>100,00 Euro<\/td>\n<\/tr>\n<\/tbody>\n<\/table>\n<div style=\"text-align: center;\"><a class=\"standard-btn yellow-btn\" href=\"https:\/\/leipziger-blechbude.de\/content\/angebote\/musikgarten\/\"><span>Zum Angebot<\/span><\/a><\/div>\n<h2 class=\"centered\"><span>Instrumentenverleih<\/span><\/h2>\n<table class=\"price_table\">\n<tbody>\n<tr>\n<td>pro Monat<\/td>\n<td>15,00 Euro<\/td>\n<\/tr>\n<\/tbody>\n<\/table>\n<div style=\"text-align: center;\"><a class=\"standard-btn yellow-btn\" href=\"https:\/\/leipziger-blechbude.de\/content\/angebote\/instrumentenverleih\/\"><span>Zum Angebot<\/span><\/a><\/div>\n","protected":false},"excerpt":{"rendered":"<p>Schnupperstunde GRATIS \u00bd Stunde\/Woche: 30,00 Euro ( w\u00f6chentliche Zahlung ) 80,00 Euro ( ganzj\u00e4hrige monatliche Zahlung ) \u00be Stunde\/Woche: 45,00 Euro ( w\u00f6chentliche Zahlung ) 120,00 Euro ( ganzj\u00e4hrige monatliche Zahlung ) Die Unterrichtsgeb\u00fchr f\u00fcr den 2er Gruppenunterricht \u00be Stunde betr\u00e4gt monatlich 80,00 Euro je Teilnehmer. &hellip; <\/p>\n<p><a href=\"https:\/\/leipziger-blechbude.de\/content\/angebote\/preisliste\/\" class=\"more-link\"><span class=\"morelink-icon\">Weiterlesen<\/span><\/a><\/p>\n","protected":false},"author":1,"featured_media":0,"parent":143504,"menu_order":4,"comment_status":"closed","ping_status":"closed","template":"page-templates\/full-width.php","meta":{"jetpack_post_was_ever_published":false,"footnotes":""},"class_list":["post-23","page","type-page","status-publish","hentry"],"jetpack_shortlink":"https:\/\/wp.me\/P2KXId-n","jetpack_sharing_enabled":true,"_links":{"self":[{"href":"https:\/\/leipziger-blechbude.de\/content\/wp-json\/wp\/v2\/pages\/23","targetHints":{"allow":["GET"]}}],"collection":[{"href":"https:\/\/leipziger-blechbude.de\/content\/wp-json\/wp\/v2\/pages"}],"about":[{"href":"https:\/\/leipziger-blechbude.de\/content\/wp-json\/wp\/v2\/types\/page"}],"author":[{"embeddable":true,"href":"https:\/\/leipziger-blechbude.de\/content\/wp-json\/wp\/v2\/users\/1"}],"replies":[{"embeddable":true,"href":"https:\/\/leipziger-blechbude.de\/content\/wp-json\/wp\/v2\/comments?post=23"}],"version-history":[{"count":62,"href":"https:\/\/leipziger-blechbude.de\/content\/wp-json\/wp\/v2\/pages\/23\/revisions"}],"predecessor-version":[{"id":890267,"href":"https:\/\/leipziger-blechbude.de\/content\/wp-json\/wp\/v2\/pages\/23\/revisions\/890267"}],"up":[{"embeddable":true,"href":"https:\/\/leipziger-blechbude.de\/content\/wp-json\/wp\/v2\/pages\/143504"}],"wp:attachment":[{"href":"https:\/\/leipziger-blechbude.de\/content\/wp-json\/wp\/v2\/media?parent=23"}],"curies":[{"name":"wp","href":"https:\/\/api.w.org\/{rel}","templated":true}]}}